{"id":743,"date":"2022-05-19T19:08:24","date_gmt":"2022-05-19T17:08:24","guid":{"rendered":"http:\/\/espacemariamontessori.fr\/?page_id=743"},"modified":"2024-05-23T20:50:31","modified_gmt":"2024-05-23T18:50:31","slug":"espace-maria-montessori-angers","status":"publish","type":"page","link":"http:\/\/espacemariamontessori.fr\/","title":{"rendered":"Ecole Maria Montessori Angers"},"content":{"rendered":"\n\n\t\t\t\t<img loading=\"lazy\" src=\"http:\/\/espacemariamontessori.fr\/wp-content\/uploads\/2023\/06\/Ecole-Montessori-1200x676.png\" alt=\"\u00c9cole Montessori\" itemprop=\"image\" height=\"327\" width=\"580\" title=\"\u00c9cole Montessori\" onerror=\"this.style.display='none'\"  \/>\n\t<h5>En centre-ville \u00e0 Angers, \u00e0 deux pas de la place du Ralliement, l&rsquo;Espace Maria Montessori Angers \u00ab EMMA \u00bb anim\u00e9 par notre association propose des activit\u00e9s tout au long de l&rsquo;ann\u00e9e au sein de diff\u00e9rents espaces d\u00e9di\u00e9s \u00e0 la p\u00e9dagogie Montessori : une \u00e9cole, des ateliers p\u00e9riscolaires le mercredi, des ateliers pour adultes permettant de d\u00e9couvrir la p\u00e9dagogie Montessori, des stages pour enfant au cours des vacances scolaires.<\/h5>\n<h5>Aude Largeron, \u00e9ducatrice Montessori 3-6 ans depuis plus de 12 ans est la directrice de l&rsquo;\u00e9tablissement.<\/h5>\n\t<h3>\u00a0L&rsquo;EMMA propose :<\/h3>\n<ul>\n<li>une<a href=\"http:\/\/espacemariamontessori.fr\/index.php\/ecole\/\">\u00a0\u00e9cole<\/a> et un coll\u00e8ge : accueillant les \u00e9l\u00e8ves de la maternelle au coll\u00e8ge.<\/li>\n<li>l&rsquo;accueil d&rsquo;enfants en\u00a0<a href=\"http:\/\/espacemariamontessori.fr\/index.php\/ief\/\">IEF<\/a> &#8211; instruits en famille &#8211; au sein de la classe maternelle.<\/li>\n<li>un accueil p\u00e9riscolaire le mercredi pour les enfants de 3 \u00e0 6 ans qui peuvent ainsi b\u00e9n\u00e9ficier, m\u00eame s&rsquo;ils sont scolaris\u00e9s ailleurs, de la p\u00e9dagogie Montessori<\/li>\n<li>des\u00a0<a href=\"http:\/\/espacemariamontessori.fr\/index.php\/stages\/\">stages<\/a> p\u00e9dagogiques la premi\u00e8re semaine des vacances scolaires en matin\u00e9e \u00ab \u00e0 la carte \u00bb pour passer des vacances studieuses<\/li>\n<li>des <a href=\"http:\/\/espacemariamontessori.fr\/index.php\/formations\/\">ateliers<\/a> p\u00e9dagogiques destin\u00e9s aux adultes (\u00e9ducateurs, enseignants, parents) pour mieux pratiquer la p\u00e9dagogie Montessori<\/li>\n<li>des \u00e9v\u00e8nements ponctuels ou r\u00e9guliers pour <a href=\"http:\/\/espacemariamontessori.fr\/index.php\/animations\/\">accompagner<\/a>\u00a0ses adh\u00e9rents : ateliers, formations, rencontres de parents, ateliers parents-enfants, caf\u00e9s p\u00e9dagogiques ou activit\u00e9s de fabrication permettant aux adultes, parents, enseignants et professionnels de l&rsquo;enfance de partager leurs connaissances apr\u00e8s leurs formations.<\/li>\n<\/ul>\n\t\t\t\t<img loading=\"lazy\" src=\"http:\/\/espacemariamontessori.fr\/wp-content\/uploads\/2023\/06\/Pedagogue.png\" alt=\"P\u00e9dagogue\" itemprop=\"image\" height=\"788\" width=\"940\" title=\"P\u00e9dagogue\" onerror=\"this.style.display='none'\"  \/>\n\t\t\t\t<img loading=\"lazy\" src=\"http:\/\/espacemariamontessori.fr\/wp-content\/uploads\/2022\/05\/Une-ecole-Montessori-a-taille-humaine.-2-300x169.png\" alt=\"Une \u00e9cole Montessori \u00e0 taille humaine. (2)\" itemprop=\"image\" height=\"169\" width=\"300\" title=\"Une \u00e9cole Montessori \u00e0 taille humaine. (2)\" onerror=\"this.style.display='none'\"  \/>\n\t<h4>EMMA en pratique<\/h4>\n<p>21-23 rue Chevreul 49100 ANGERS<\/p>\n<p>-Tramway lignes A, B et C : arr\u00eats \u00ab\u00a0H\u00f4tel de Ville\u00a0\u00bb, \u00ab\u00a0Centre des Congr\u00e8s\u00a0\u00bb et \u00ab\u00a0Ralliement\u00a0\u00bb + nombreuses lignes de bus \u00e0 proximit\u00e9.<\/p>\n<p>L&rsquo;entr\u00e9e se fait par la cour accessible par le porche.<\/p>\n<p>T\u00e9l\u00e9phone : 02 55 98 84 87<\/p>\n<p>Email : espacemariamontessori@gmail.com<\/p>\n\n","protected":false},"excerpt":{"rendered":"<p>En centre-ville \u00e0 Angers, \u00e0 deux pas de la place du Ralliement, l&rsquo;Espace Maria Montessori Angers \u00ab EMMA \u00bb anim\u00e9 par notre association propose des activit\u00e9s tout au long de l&rsquo;ann\u00e9e au sein de diff\u00e9rents espaces d\u00e9di\u00e9s \u00e0 la p\u00e9dagogie Montessori : une \u00e9cole, des ateliers p\u00e9riscolaires le mercredi, des ateliers pour adultes permettant de [&hellip;]<\/p>\n","protected":false},"author":1,"featured_media":0,"parent":0,"menu_order":0,"comment_status":"closed","ping_status":"closed","template":"template-page-builder.php","meta":[],"_links":{"self":[{"href":"http:\/\/espacemariamontessori.fr\/index.php\/wp-json\/wp\/v2\/pages\/743"}],"collection":[{"href":"http:\/\/espacemariamontessori.fr\/index.php\/wp-json\/wp\/v2\/pages"}],"about":[{"href":"http:\/\/espacemariamontessori.fr\/index.php\/wp-json\/wp\/v2\/types\/page"}],"author":[{"embeddable":true,"href":"http:\/\/espacemariamontessori.fr\/index.php\/wp-json\/wp\/v2\/users\/1"}],"replies":[{"embeddable":true,"href":"http:\/\/espacemariamontessori.fr\/index.php\/wp-json\/wp\/v2\/comments?post=743"}],"version-history":[{"count":31,"href":"http:\/\/espacemariamontessori.fr\/index.php\/wp-json\/wp\/v2\/pages\/743\/revisions"}],"predecessor-version":[{"id":930,"href":"http:\/\/espacemariamontessori.fr\/index.php\/wp-json\/wp\/v2\/pages\/743\/revisions\/930"}],"wp:attachment":[{"href":"http:\/\/espacemariamontessori.fr\/index.php\/wp-json\/wp\/v2\/media?parent=743"}],"curies":[{"name":"wp","href":"https:\/\/api.w.org\/{rel}","templated":true}]}}

<img loading="lazy" src="http://espacemariamontessori.fr/wp-content/uploads/2023/06/Ecole-Montessori-1200x676.png" alt="École Montessori" itemprop="image" height="327" width="580" title="École Montessori" onerror="this.style.display='none'"  />
	<h5>En centre-ville à Angers, à deux pas de la place du Ralliement, l&rsquo;Espace Maria Montessori Angers « EMMA » animé par notre association propose des activités tout au long de l&rsquo;année au sein de différents espaces dédiés à la pédagogie Montessori : une école, des ateliers périscolaires le mercredi, des ateliers pour adultes permettant de découvrir la pédagogie Montessori, des stages pour enfant au cours des vacances scolaires.</h5>
<h5>Aude Largeron, éducatrice Montessori 3-6 ans depuis plus de 12 ans est la directrice de l&rsquo;établissement.</h5>
	<h3> L&rsquo;EMMA propose :</h3>
<ul>
<li>une<a href="http://espacemariamontessori.fr/index.php/ecole/"> école</a> et un collège : accueillant les élèves de la maternelle au collège.</li>
<li>l&rsquo;accueil d&rsquo;enfants en <a href="http://espacemariamontessori.fr/index.php/ief/">IEF</a> &#8211; instruits en famille &#8211; au sein de la classe maternelle.</li>
<li>un accueil périscolaire le mercredi pour les enfants de 3 à 6 ans qui peuvent ainsi bénéficier, même s&rsquo;ils sont scolarisés ailleurs, de la pédagogie Montessori</li>
<li>des <a href="http://espacemariamontessori.fr/index.php/stages/">stages</a> pédagogiques la première semaine des vacances scolaires en matinée « à la carte » pour passer des vacances studieuses</li>
<li>des <a href="http://espacemariamontessori.fr/index.php/formations/">ateliers</a> pédagogiques destinés aux adultes (éducateurs, enseignants, parents) pour mieux pratiquer la pédagogie Montessori</li>
<li>des évènements ponctuels ou réguliers pour <a href="http://espacemariamontessori.fr/index.php/animations/">accompagner</a> ses adhérents : ateliers, formations, rencontres de parents, ateliers parents-enfants, cafés pédagogiques ou activités de fabrication permettant aux adultes, parents, enseignants et professionnels de l&rsquo;enfance de partager leurs connaissances après leurs formations.</li>
</ul>
				<img loading="lazy" src="http://espacemariamontessori.fr/wp-content/uploads/2023/06/Pedagogue.png" alt="Pédagogue" itemprop="image" height="788" width="940" title="Pédagogue" onerror="this.style.display='none'"  />
				<img loading="lazy" src="http://espacemariamontessori.fr/wp-content/uploads/2022/05/Une-ecole-Montessori-a-taille-humaine.-2-300x169.png" alt="Une école Montessori à taille humaine. (2)" itemprop="image" height="169" width="300" title="Une école Montessori à taille humaine. (2)" onerror="this.style.display='none'"  />
	<h4>EMMA en pratique</h4>
<p>21-23 rue Chevreul 49100 ANGERS</p>
<p>-Tramway lignes A, B et C : arrêts « Hôtel de Ville », « Centre des Congrès » et « Ralliement » + nombreuses lignes de bus à proximité.</p>
<p>L&rsquo;entrée se fait par la cour accessible par le porche.</p>
<p>Téléphone : 02 55 98 84 87</p>
<p>Email : espacemariamontessori@gmail.com</p>

<p>En centre-ville à Angers, à deux pas de la place du Ralliement, l&rsquo;Espace Maria Montessori Angers « EMMA » animé par notre association propose des activités tout au long de l&rsquo;année au sein de différents espaces dédiés à la pédagogie Montessori : une école, des ateliers périscolaires le mercredi, des ateliers pour adultes permettant de [&hellip;]</p>
